{"id":303,"date":"2026-03-19T08:01:05","date_gmt":"2026-03-19T08:01:05","guid":{"rendered":"http:\/\/www.fzk.com.pl\/fzk\/?page_id=303"},"modified":"2026-03-19T08:01:06","modified_gmt":"2026-03-19T08:01:06","slug":"obszar-inwestycyjny-zrenica","status":"publish","type":"page","link":"https:\/\/www.fzk.com.pl\/fzk\/obszar-inwestycyjny-zrenica\/","title":{"rendered":"Obszar inwestycyjny \u0179renica"},"content":{"rendered":"\n<p>Fundacja Zak\u0142ady K\u00f3rnickie posiada w \u015arodzie Wielkopolskiej teren inwestycyjny o powierzchni oko\u0142o 14,5 hektara przeznaczone pod dzier\u017caw\u0119. Dzier\u017cawca b\u0119dzie mia\u0142 mo\u017cliwo\u015b\u0107 przeprowadzenia na dzier\u017cawionym gruncie inwestycji w postaci posadowienia budynk\u00f3w lub budowli. Teren przeznaczony jest pod aktywizacj\u0119 gospodarcz\u0105, zlokalizowany jest w silnie uprzemys\u0142owionej cz\u0119\u015bci miasta pomi\u0119dzy ulicami Harcersk\u0105 a Brodowsk\u0105. W nied\u0142ugiej przysz\u0142o\u015bci w jego s\u0105siedztwie ma powsta\u0107 wschodnia obwodnica \u015arody Wielkopolskiej \u0142\u0105cz\u0105ca drog\u0119 krajow\u0105 nr 432 w kierunku Wrze\u015bni z tras\u0105 S-11 w kierunku Jarocina.<\/p>\n\n\n<div class=\"wp-block-image\">\n<figure class=\"aligncenter size-large\"><img loading=\"lazy\" decoding=\"async\" width=\"1024\" height=\"572\" src=\"http:\/\/www.fzk.com.pl\/fzk\/wp-content\/uploads\/2026\/03\/obraz-9-1024x572.png\" alt=\"\" class=\"wp-image-305\" srcset=\"https:\/\/www.fzk.com.pl\/fzk\/wp-content\/uploads\/2026\/03\/obraz-9-1024x572.png 1024w, https:\/\/www.fzk.com.pl\/fzk\/wp-content\/uploads\/2026\/03\/obraz-9-300x168.png 300w, https:\/\/www.fzk.com.pl\/fzk\/wp-content\/uploads\/2026\/03\/obraz-9-768x429.png 768w, https:\/\/www.fzk.com.pl\/fzk\/wp-content\/uploads\/2026\/03\/obraz-9-752x420.png 752w, https:\/\/www.fzk.com.pl\/fzk\/wp-content\/uploads\/2026\/03\/obraz-9-150x84.png 150w, https:\/\/www.fzk.com.pl\/fzk\/wp-content\/uploads\/2026\/03\/obraz-9-696x389.png 696w, https:\/\/www.fzk.com.pl\/fzk\/wp-content\/uploads\/2026\/03\/obraz-9-1068x597.png 1068w, https:\/\/www.fzk.com.pl\/fzk\/wp-content\/uploads\/2026\/03\/obraz-9.png 1432w\" sizes=\"auto, (max-width: 1024px) 100vw, 1024px\" \/><\/figure>\n<\/div>","protected":false},"excerpt":{"rendered":"<p>Fundacja Zak\u0142ady K\u00f3rnickie posiada w \u015arodzie Wielkopolskiej teren inwestycyjny o powierzchni oko\u0142o 14,5 hektara przeznaczone pod dzier\u017caw\u0119. Dzier\u017cawca b\u0119dzie mia\u0142 mo\u017cliwo\u015b\u0107 przeprowadzenia na dzier\u017cawionym gruncie inwestycji w postaci posadowienia budynk\u00f3w lub budowli. Teren przeznaczony jest pod aktywizacj\u0119 gospodarcz\u0105, zlokalizowany jest w silnie uprzemys\u0142owionej cz\u0119\u015bci miasta pomi\u0119dzy ulicami Harcersk\u0105 a Brodowsk\u0105. W nied\u0142ugiej przysz\u0142o\u015bci w jego&hellip; <a class=\"continue\" href=\"https:\/\/www.fzk.com.pl\/fzk\/obszar-inwestycyjny-zrenica\/\">Czytaj wi\u0119cej<span> Obszar inwestycyjny \u0179renica<\/span><\/a><\/p>\n","protected":false},"author":1,"featured_media":0,"parent":0,"menu_order":0,"comment_status":"closed","ping_status":"closed","template":"","meta":{"footnotes":""},"class_list":["post-303","page","type-page","status-publish"],"_links":{"self":[{"href":"https:\/\/www.fzk.com.pl\/fzk\/wp-json\/wp\/v2\/pages\/303","targetHints":{"allow":["GET"]}}],"collection":[{"href":"https:\/\/www.fzk.com.pl\/fzk\/wp-json\/wp\/v2\/pages"}],"about":[{"href":"https:\/\/www.fzk.com.pl\/fzk\/wp-json\/wp\/v2\/types\/page"}],"author":[{"embeddable":true,"href":"https:\/\/www.fzk.com.pl\/fzk\/wp-json\/wp\/v2\/users\/1"}],"replies":[{"embeddable":true,"href":"https:\/\/www.fzk.com.pl\/fzk\/wp-json\/wp\/v2\/comments?post=303"}],"version-history":[{"count":1,"href":"https:\/\/www.fzk.com.pl\/fzk\/wp-json\/wp\/v2\/pages\/303\/revisions"}],"predecessor-version":[{"id":306,"href":"https:\/\/www.fzk.com.pl\/fzk\/wp-json\/wp\/v2\/pages\/303\/revisions\/306"}],"wp:attachment":[{"href":"https:\/\/www.fzk.com.pl\/fzk\/wp-json\/wp\/v2\/media?parent=303"}],"curies":[{"name":"wp","href":"https:\/\/api.w.org\/{rel}","templated":true}]}}