{"id":326,"date":"2026-03-19T08:29:03","date_gmt":"2026-03-19T08:29:03","guid":{"rendered":"http:\/\/www.fzk.com.pl\/fzk\/?page_id=326"},"modified":"2026-04-21T06:56:10","modified_gmt":"2026-04-21T06:56:10","slug":"historia","status":"publish","type":"page","link":"https:\/\/www.fzk.com.pl\/fzk\/historia\/","title":{"rendered":"Historia"},"content":{"rendered":"<div id=\"tdi_1\" class=\"tdc-zone\"><div class=\"tdc_zone tdi_2  wpb_row td-pb-row\"  >\n<style scoped>\n\/* custom css - generated by TagDiv Composer *\/\n\n\/* custom css - generated by TagDiv Composer *\/\n.tdi_2{\r\n                    min-height: 0;\r\n                }\n<\/style><div id=\"tdi_3\" class=\"tdc-row\"><div class=\"vc_row tdi_4  wpb_row td-pb-row\" >\n<style scoped>\n\/* custom css - generated by TagDiv Composer *\/\n\n\/* custom css - generated by TagDiv Composer *\/\n.tdi_4,\r\n                .tdi_4 .tdc-columns{\r\n                    min-height: 0;\r\n                }.tdi_4,\r\n\t\t\t\t.tdi_4 .tdc-columns{\r\n\t\t\t\t    display: block;\r\n\t\t\t\t}.tdi_4 .tdc-columns{\r\n\t\t\t\t    width: 100%;\r\n\t\t\t\t}.tdi_4:before,\r\n\t\t\t\t.tdi_4:after{\r\n\t\t\t\t    display: table;\r\n\t\t\t\t}\n<\/style><div class=\"vc_column tdi_6  wpb_column vc_column_container tdc-column td-pb-span12\">\n<style scoped>\n\/* custom css - generated by TagDiv Composer *\/\n\n\/* custom css - generated by TagDiv Composer *\/\n.tdi_6{\r\n                    vertical-align: baseline;\r\n                }.tdi_6 > .wpb_wrapper,\r\n\t\t\t\t.tdi_6 > .wpb_wrapper > .tdc-elements{\r\n\t\t\t\t    display: block;\r\n\t\t\t\t}.tdi_6 > .wpb_wrapper > .tdc-elements{\r\n\t\t\t\t    width: 100%;\r\n\t\t\t\t}.tdi_6 > .wpb_wrapper > .vc_row_inner{\r\n\t\t\t\t    width: auto;\r\n\t\t\t\t}.tdi_6 > .wpb_wrapper{\r\n\t\t\t\t    width: auto;\r\n\t\t\t\t    height: auto;\r\n\t\t\t\t}\n<\/style><div class=\"wpb_wrapper\" ><div class=\"wpb_wrapper wpb_text_column td_block_wrap td_block_wrap vc_column_text tdi_7  tagdiv-type td-pb-border-top td_block_template_1\"  data-td-block-uid=\"tdi_7\" >\n<style>\n\n\/* inline tdc_css att - generated by TagDiv Composer *\/\n\n.tdi_7{\nmargin-top:40px !important;\n--tdb-scroll-anim:none !important;\n}\n\n<\/style>\n<style>\n\/* custom css - generated by TagDiv Composer *\/\n.vc_column_text > .td-element-style{\r\n\t\t\t\t\tz-index: -1;\r\n\t\t\t\t}\n<\/style><div class=\"td-fix-index\"><h2 class=\"wp-block-heading\">Fundacja Zak\u0142ady K\u00f3rnickie 1925-1953 i jej restytucja w 2001 r.<\/h2>\n<p>Fundacja Zak\u0142ady K\u00f3rnickie (FZK) zawdzi\u0119cza swe powstanie darowi\u017anie Jadwigi z Dzia\u0142y\u0144skich Zamoyskiej oraz jej synowi \u2013 W\u0142adys\u0142awowi Zamoyskiemu, kt\u00f3rzy nale\u017c\u0105cy do nich maj\u0105tek przekazali w ca\u0142o\u015bci Narodowi Polskiemu. Na mocy ustawy sejmowej z 30 lipca 1925 r. Wol\u0105 darczy\u0144c\u00f3w by\u0142o, aby maj\u0105tek FZK by\u0142 niepodzielny i przeznaczony rzeczywi\u015bcie na cele opisane w ustawie. Wskazuje to dobitnie, \u017ce fundatorzy, jak i \u00f3wczesny sejm, pragn\u0119li ustanowienia normy prawnej specjalnej, wychodz\u0105cej poza zakres dzia\u0142ania ustaw og\u00f3lnie reguluj\u0105cych jak\u0105\u015b dziedzin\u0119 \u017cycia. Intencje te podkre\u015bla jeszcze przyj\u0119cie patronatu Prezydenta i Prymasa Polski. Sejm intencje fundator\u00f3w zaaprobowa\u0142 stwarzaj\u0105c lex specialis, kt\u00f3ra w my\u015bl doktryny prawnej zawsze jest przed lex generalis. Powo\u0142ano Fundacj\u0119 moc\u0105 specjalnej ustawy \u2013 tak jak chcieli donatorzy. Mia\u0142o to uchroni\u0107 j\u0105 przez ingerencj\u0105 w jej funkcjonowanie w\u0142adzy pa\u0144stwowej. Ustaw\u0119 sejmow\u0105 z 1925 r. na zasadzie kt\u00f3rej FZK utrzymywa\u0142a \u017ce\u0144skie szko\u0142y gospodarstwa domowego w Ku\u017anicach i w K\u00f3rniku, Bibliotek\u0119 K\u00f3rnick\u0105 wraz z Muzeum, Zak\u0142ad Badania Drzew i Lasu (obecnie Instytut Dendrologii PAN). Poza tymi zak\u0142adami maj\u0105tek Fundacji stanowi\u0142y: 6757 ha u\u017cytk\u00f3w rolnych, 712 ha jezior, 4943 ha las\u00f3w, tartak, gorzelnia, domy mieszkalne w K\u00f3rniku, Pa\u0142ac Dzia\u0142y\u0144skich w Poznaniu oraz dobra zakopia\u0144skie o \u0142\u0105cznej powierzchni 6538 ha. Doch\u00f3d netto przeznaczony by\u0142 na realizacj\u0119 cel\u00f3w statutowych, w tym utrzymanie zak\u0142ad\u00f3w naukowych i szkolnych.<\/p>\n<h2 class=\"wp-block-heading\">Po II wojnie \u015bwiatowej<\/h2>\n<p>Po zako\u0144czeniu II wojny \u015bwiatowej na mocy dekretu z 12 grudnia 1944 r. Pa\u0144stwo przej\u0119\u0142o lasy nale\u017c\u0105ce do FZK, kt\u00f3re przed wojn\u0105 przynosi\u0142y 60% dochod\u00f3w. Maj\u0105tki rolne po II Wojnie \u015awiatowej pozbawione by\u0142y ca\u0142kowicie inwentarza \u017cywego. Sytuacja finansowa maj\u0105tk\u00f3w rolnych by\u0142a katastrofalna, a utrudnienia w uzyskaniu kredyt\u00f3w obrotowych ten stan rzeczy pog\u0142\u0119bia\u0142y.<\/p>\n<p>W tym stanie rzeczy w\u0142adze Fundacji \u2013 zgodnie z zaleceniem Prezydenta jako patrona Fundacji \u2013 zdecydowa\u0142y si\u0119 na przekazanie gospodarstw rolnych Pa\u0144stwu, z tym, \u017ce Pa\u0144stwo mia\u0142o przej\u0105\u0107 utrzymanie zak\u0142ad\u00f3w. Dop\u00f3ki obowi\u0105zywa\u0142a ustawa o FZK przekazanie to by\u0142o na zasadzie zarz\u0105du i u\u017cytkowania. W wyniku ustale\u0144 poczynionych z Ministrem Rolnictwa przej\u0119to w u\u017cytkowanie maj\u0105tki rolne FZK przez Pa\u0144stwowe Gospodarstwa Rolne. W tym samym trybie, w po\u0142owie 1949 r., przej\u0119to Szko\u0142\u0119 Domowej Pracy Kobiet w Ku\u017anicach i po dw\u00f3ch latach ja zlikwidowano. W 1950 r. Ministerstwo Szkolnictwa Wy\u017cszego wzi\u0119\u0142o w dzier\u017caw\u0119 \u2013 za symboliczna op\u0142at\u0105 \u2013 Zak\u0142ad Dendrologii i Pomologii w K\u00f3rniku. Ten do\u015b\u0107 zagmatwany stan prawny nieruchomo\u015bci FZK powsta\u0142 raczej viva facti ani\u017celi akt\u00f3w prawnych i m\u00f3g\u0142 by\u0107 uregulowany przy okazji wprowadzenia w \u017cycie dekretu z 24 kwietnia 1952 r. o rozwi\u0105zaniu FZK (Dz. U. nr 25 poz. 172). By\u0142a ku temu delegacja art. 5 ust. 2 tej\u017ce ustawy. Na konferencji wszystkich zainteresowanych stron, kt\u00f3ra odby\u0142a si\u0119 na Prezydium Rady Ministr\u00f3w w Warszawie ustalono, \u017ce Polska Akademia Nauk (PAN) przejmie ca\u0142y maj\u0105tek zniesionej Fundacji a nast\u0119pnie wydzieli z niego obiekty dla niej niepotrzebne i przeka\u017ce innym resortom. W 1953 r. PAN przej\u0119\u0142a \u201ew papierze\u201d wszystko, a faktycznie tylko te obiekty, kt\u00f3re by\u0142y w posiadaniu FZK i Ministra Szk\u00f3\u0142 Wy\u017cszych i Nauki. Inne nieruchomo\u015bci zosta\u0142y przekazane innym resortom. Natomiast PGR-y nigdy nie chcia\u0142y uzna\u0107, i\u017c uchwa\u0142a Rady Ministr\u00f3w dotyczy\u0142a ca\u0142ego maj\u0105tku pofundacyjnego i wszelkie usi\u0142owania PAN maj\u0105ce na celu uregulowanie stosunk\u00f3w z PGR-ami nie da\u0142y rezultatu.<\/p>\n<h2 class=\"wp-block-heading\">Restytucja Fundacji<\/h2>\n<p>Ten stan rzeczy trwa\u0142 do 1989 roku, w\u00f3wczas to powo\u0142ano Agencj\u0119 W\u0142asno\u015bci Rolnej Skarbu Pa\u0144stwa (AWRSP), kt\u00f3ra przej\u0119\u0142a grunty rolne i nieruchomo\u015bci zabudowane b\u0119d\u0105ce dotychczas we w\u0142adaniu PGR-\u00f3w. Zadaniem Agencji by\u0142a sprzeda\u017c, b\u0105d\u017a wydzier\u017cawienie przej\u0119tych nieruchomo\u015bci rolnych. Oznacza\u0142o to, \u017ce grunty pofundacyjne mog\u0142y by\u0107 sprzedane. Proces ten rozpocz\u0105\u0142 si\u0119 w rejonie G\u0105dek gm. K\u00f3rnik, gdzie Agencja sprzeda\u0142a oko\u0142o 130 ha grunt\u00f3w pofundacyjnych. Dzia\u0142ania te zaniepokoi\u0142y ludzi, kt\u00f3rym idee Dzia\u0142y\u0144skich i Zamoyskich pozosta\u0142y blisie. Pierwsze konkretne dzia\u0142ania w kierunku restytucji FZK podj\u0105\u0142 wraz ze wsp\u00f3\u0142pracownikami \u00f3wczesny dyrektor Biblioteki K\u00f3rnickiej PAN \u2013 prof. dr hab. Jerzy Wis\u0142ocki. Spraw\u0105 by\u0142ej Fundacji zainteresowano w\u0142adze PAN, Urz\u0105d Wojew\u00f3dzki i Uni\u0119 Wielkopolan. Rozwa\u017cano w\u00f3wczas dwa warianty rozwi\u0105za\u0144:<\/p>\n<ul class=\"wp-block-list\">\n<li>restytucj\u0119 Fundacji,<\/li>\n<li>scalenie ca\u0142ego maj\u0105tku pofundacyjnego pod zarz\u0105dem PAN.<\/li>\n<\/ul>\n<p>Prezydium PAN wyra\u017ca\u0142o pogl\u0105d, \u017ce nale\u017cy doprowadzi\u0107 do scalenia maj\u0105tk\u00f3w by\u0142ej Fundacji pod zarz\u0105dem PAN. Argumentem na rzecz takiego rozwi\u0105zania by\u0142 fakt, \u017ce PAN przez 40 lat z nale\u017cyt\u0105 staranno\u015bci\u0105 realizowa\u0142a cele by\u0142ej Fundacji w otrzymanym w 1953 r maj\u0105tku pofundacyjnym. Nie wyznaczono jednak prawnej drogi do osi\u0105gni\u0119cia tego celu. Dzia\u0142ania w tym kierunku podj\u0119\u0142a w swym stanowisku z 1992 r Rada Miasta i Gminy K\u00f3rnik, zwracaj\u0105c si\u0119 w sprawie reaktywowania Fundacji do Prezydenta RP Lecha Wa\u0142\u0119sy. Na tym etapie dzia\u0142a\u0144 na rzecz restytucji Fundacji etap k\u00f3rnicki zosta\u0142 w 1997 r. kontynuowany przez oddzia\u0142 PAN w Poznaniu z jej \u00f3wczesnym prezesem prof. dr hab. Andrzejem B. Legockim. Po wielu dyskusjach i konferencjach w kt\u00f3rych uczestniczyli parlamentarzy\u015bci, przedstawiciele AWRSP, oddzia\u0142u pozna\u0144skiego PAN, sformu\u0142owano stanowisko, \u017ce jedyn\u0105 drog\u0105 odtworzenia FZK jest jej restytucja. Prof. dr hab. Andrzej B. Legocki otrzyma\u0142 12 kwietnia 1997 r. od Sekretarza Generalnego PAN notarialne pe\u0142nomocnictwo do [\u2026] podejmowania wszelkich czynno\u015bci zwi\u0105zanych z restytucja Fundacji pod nazwa \u201eZak\u0142ady K\u00f3rnickie\u201d z siedzib\u0105 w K\u00f3rniku, a w zwi\u0105zku z tym reprezentuje PAN wobec wszystkich w\u0142adz, urz\u0119d\u00f3w, s\u0105d\u00f3w, instytucji, os\u00f3b prawnych i fizycznych, do sk\u0142adania wszelkich o\u015bwiadcze\u0144, wniosk\u00f3w, pism [\u2026].<\/p>\n<p>Od po\u0142owy 1997 r. odbywa\u0142y si\u0119 regularne spotkania w oddziale PAN w Poznaniu organizowane przez prof. A. B. Legockiego. Najpierw rozpocz\u0119to prace nad ewidencj\u0105 nieruchomo\u015bci zabudowanych i niezabudowanych by\u0142ej FZK. Koordynacj\u0119 tych prac prof. A. B. Legocki powierzy\u0142 dr Zbigniewowi Kaliszowi. Spotkania na kt\u00f3rych omawiano poszczeg\u00f3lne etapy prac odbywa\u0142y si\u0119 w oddziale PAN w Poznaniu: 27 maja, 16 czerwca, 16 lipca 1997 r. W tych roboczych spotkaniach najcz\u0119\u015bciej uczestniczyli: prof. A. B. Legocki, mec. Mieczys\u0142awa Szyma\u0144ska, mec. Rafa\u0142 Przysta\u0144ski, prof. Jan W\u0119glarz, mgr Teresa Senkus \u2013 dyrektor oddzia\u0142u PAN w Poznaniu i dr Zbigniew Kalisz. Prace wykonane w 1997 r. umo\u017cliwi\u0142y mec. R. Przysta\u0144skiemu przygotowanie projektu ustawy o FZK. Na pocz\u0105tku 1998 r. tym projektem zainteresowano parlamentarzyst\u00f3w z Wielkopolski. Pierwsze spotkania odby\u0142y si\u0119 w w\u0105skim gronie w kt\u00f3rym uczestniczyli pos\u0142owie: Marcin Libicki i Marek Zieli\u0144ski. W trakcie tych spotka\u0144 zastanawiano si\u0119 nad trybem prac parlamentarnych nad projektem ustawy. Pose\u0142 M. Libicki, po konsultacjach z pos\u0142ami UW i AWS z Wielkopolski, zgodzi\u0142 si\u0119 by\u0107 sprawozdawc\u0105 tego projektu ustawy. O wszystkich podejmowanych dzia\u0142aniach prof. A. B. Legocki informowa\u0142 \u015brodki masowego przekazu na konferencjach prasowych w oddziale PAN w Poznaniu m.in. 12 stycznia 1998 r., 14 wrze\u015bnia 1998 r., 15 stycznia 1999 r. i 21 wrze\u015bnia 2001 r. R\u00f3wnie\u017c \u00f3wczesny Prezes Agencji W\u0142asno\u015bci Rolnej Skarbu Pa\u0144stwa \u2013 Adam Ta\u0144ski w\u0142\u0105czy\u0142 sw\u00f3j urz\u0105d w prace nad restytucj\u0105 Fundacji, wydaj\u0105c zarz\u0105dzenia o wstrzymaniu obrotu nieruchomo\u015bciami FZK. 14 wrze\u015bnia 1998 r. parlamentarzy\u015bci AWS i Unii Wolno\u015bci z Wielkopolski przyj\u0119li stanowisko w kt\u00f3rym \u201e[\u2026] wyra\u017caj\u0105 zdecydowana wol\u0119 podj\u0119cia stara\u0144 legislacyjnych zmierzaj\u0105cych do restytucji Fundacji Zak\u0142ady K\u00f3rnickie i wniesienia projektu do laski marsza\u0142kowskiej\u201d.<\/p>\n<p>W \u015blad za tym 26 listopada 1998 r. pos\u0142owie wnioskodawcy wnie\u015bli projekt ustawy o FZK na r\u0119ce Marsza\u0142ka Sejmu. Projekt ustawy zosta\u0142 skierowany do Rz\u0105du oraz Komisji Nauki, Edukacji i M\u0142odzie\u017cy oraz Skarbu Pa\u0144stwa, Uw\u0142aszczenia i Prywatyzacji. Rz\u0105d zaj\u0105\u0142 stanowisko w sprawie projektu ustawy (2 marca 1999 r., 31 sierpnia 1999 r., 13 wrze\u015bnia 2000 r.). W pierwszym stanowisku wobec poselskiego projektu ustawy o FZK, Rada Ministr\u00f3w uzna\u0142a, \u017ce powo\u0142anie Fundacji na zasadach okre\u015blonych w projekcie nie znajduje uzasadnienia, poniewa\u017c zaproponowane rozwi\u0105zania s\u0105 sprzeczne z przepisami Ustawy z dn. 26 listopada 1998 r. o finansach publicznych. Ponadto Rz\u0105d wskaza\u0142 w proponowanych rozwi\u0105zaniach na nast\u0119puj\u0105ce sprawy:<\/p>\n<ul class=\"wp-block-list\">\n<li>niesp\u00f3jno\u015bci z przepisami Ustawy z dn. 12 stycznia 1991 r. o Komitecie Bada\u0144 Naukowych w zakresie utworzenia mo\u017cliwo\u015bci finansowania ze \u015brodk\u00f3w zapisanych w bud\u017cecie pa\u0144stwa na nauk\u0119 b\u0119d\u0105cych w dyspozycji Przewodnicz\u0105cego KBN, dotowania przez FZK plac\u00f3wek naukowych,<\/li>\n<li>niesp\u00f3jno\u015bci z przepisami Ustawy z dn. 25 lipca 1985 r. o jednostkach badawczo-rozwojowych w zakresie zada\u0144 jednostek naukowych i jednostek badawczo-rozwojowych oraz ich cel\u00f3w.<\/li>\n<\/ul>\n<p>Rada Ministr\u00f3w zwr\u00f3ci\u0142a tak\u017ce uwag\u0119 , \u017ce szczeg\u00f3lny tryb tworzenia fundacji reguluje Ustawa z dn. 06 kwietnia 1984 r. o fundacjach i stosownie do przepis\u00f3w tej ustawy obowi\u0105zuj\u0105cy tryb zak\u0142adania fundacji wymaga\u0142 m.in. notarialnego o\u015bwiadczenia woli o ustanowieniu fundacji oraz dokonania wpisu do rejestru przez S\u0105d Rejestrowy. Projekt poselski \u2013 argumentowa\u0142 Rz\u0105d \u2013 przewidywa\u0142 powo\u0142anie FZK na drodze ustawy \u2013 by\u0142o to spowodowane brakiem odpowiednich uregulowa\u0144 dotycz\u0105cych przywr\u00f3cenia bytu prawnego FZK.<\/p>\n<p>Niezale\u017cnie od powy\u017cszego Rada Ministr\u00f3w zg\u0142osi\u0142a szereg szczeg\u00f3\u0142owych uwag do projektu ustawy. Jednocze\u015bnie Rz\u0105d w swym stanowisku wnosi\u0142 o dok\u0142adne zestawienie sk\u0142adnik\u00f3w maj\u0105tkowych przysz\u0142ej Fundacji wraz z opisem aktualnego stanu prawnego tego maj\u0105tku. W konkluzji swego stanowiska Rada Ministr\u00f3w uzna\u0142a, \u017ce utworzenie FZK na zasadach okre\u015blonych w projekcie poselskim nie jest uzasadnione.<\/p>\n<p>W tej sytuacji prof. A. B. Legocki zwr\u00f3ci\u0142 si\u0119 o opini\u0119 prawn\u0105 w tej sprawie do prof. Stanis\u0142awa So\u0142tysi\u0144skiego. Stosowna opinia przy udziale prof. Aurelii Nowickiej zosta\u0142a opracowana i przekazana 4 maja 1999 r. wnioskodawc\u0105. W konkluzji czytamy:<\/p>\n<ol class=\"wp-block-list\">\n<li>W \u015bwietle obowi\u0105zuj\u0105cego prawa brak jakichkolwiek przeszk\u00f3d prawnych do ustanowienia Fundacji \u201ezak\u0142ady K\u00f3rnickie\u201d w drodze ustawy.<\/li>\n<li>Ustanowienie Fundacji w drodze aktu normatywnego stanowi\u0107 b\u0119dzie tryb odr\u0119bny w stosunku do przewidzianej w ustawie fundacji, a zatem nie b\u0119d\u0105 mia\u0142y zastosowania przepisy tej ustawy dotycz\u0105ce tworzenia fundacji w drodze o\u015bwiadczenia woli (czynno\u015bci cywilno-prawnej).<\/li>\n<li>Ustanowienie Fundacji w drodze ustawy nie pozostaje w sprzeczno\u015bci z ustaw\u0105 o finansach publicznych, gdy\u017c uchwalenie ustawy \u2013 b\u0119d\u0105ce aktem stanowi\u0105cym prawo \u2013 w \u017cadnym razie nie mo\u017ce by\u0107 traktowane jak tworzenie fundacji przez Skarb Pa\u0144stwa w rozumieniu art. 23 tej Ustawy.<\/li>\n<li>Rozumiemy, \u017ce z punktu widzenia polityki Pa\u0144stwa, realizowana przez Rad\u0119 Ministr\u00f3w inicjatywa ustawodawcza wyra\u017cona w poselskim projekcie ustawy o Fundacji \u2013 Zak\u0142ady K\u00f3rnickie mo\u017ce wzbudza\u0107 pewne w\u0105tpliwo\u015bci zwi\u0105zane z uchwaleniem ustawy, kt\u00f3rej w prawnym sensie mo\u017ce by\u0107 przypisany charakter aktu reprywatyzacyjnego. Z drugiej jednak strony nale\u017cy uwzgl\u0119dni\u0107 szczeg\u00f3lny status Fundacji powo\u0142anej Ustaw\u0105 przez Sejm II Rzeczypospolitej, kt\u00f3rej maj\u0105tek stanowi\u0142y dobra \u201eoddane Narodowi Polskiemu\u201d przez przedstawicieli rod\u00f3w Dzia\u0142y\u0144skich i Zamoyskich.<\/li>\n<li>Uznaj\u0105c za s\u0142uszne stanowisko, \u017ce fundacje powinny powstawa\u0107 ze \u015brodk\u00f3w prywatnych wyra\u017camy przekonanie, \u017ce w niniejszej sprawie kryterium to jest spe\u0142nione, gdy\u017c Pa\u0144stwo przeznaczy na wyposa\u017cenie nowotworzonej osoby prawnej mienie Fundacji zniesionej dekretem z 1952 r. stanowi\u0105cych spu\u015bcizn\u0119 wspania\u0142ych rod\u00f3w Wielkopolski. Ustanowienie Fundacji w drodze ustawy jest w obowi\u0105zuj\u0105cym stanie prawnym jedynym sposobem, dzi\u0119ki kt\u00f3remu mog\u0105 by\u0107 realizowane s\u0142uszne cele Fundacji \u201eZak\u0142ady K\u00f3rnickie\u201d w nowych warunkach spo\u0142ecznych i gospodarczych przy wykorzystaniu tej cz\u0119\u015bci mienia zniesionej Fundacji, kt\u00f3ra zostanie przeznaczona na wyposa\u017cenie Fundacji.<\/li>\n<li>Uchwalenie ustawy b\u0119dzie zgodne z zasadami sprawiedliwo\u015bci spo\u0142ecznej, kt\u00f3re \u2013 stosownie do art. 2 Konstytucji \u2013 urzeczywistnia Rzeczpospolita Polska jako demokratyczne pa\u0144stwo prawne.<\/li>\n<\/ol>\n<p>Opinia ta w zasadniczy spos\u00f3b przyspieszy\u0142a prace legislacyjne nad projektem ustawy. Rz\u0105d w drugim stanowisku w tej sprawie z dnia 31 sierpnia 1999 r. uzna\u0142: \u201e[\u2026] za s\u0142uszne cele Fundacji okre\u015blone w art. 5 projektu ustawy, gdy\u017c nawi\u0105zuj\u0105 do zasad pracy organicznej, dzia\u0142alno\u015bci na rzecz rolnictwa, edukacji i kultury Ziemi Wielkopolskiej oraz dotycz\u0105 tworzenia podstaw do wzorcowych zasad gospodarowania zasobami rolnymi\u201d.<\/p>\n<p>Rz\u0105d stwierdzi\u0142, \u017ce w toku dalszych prac legislacyjnych nad projektem niezb\u0119dne b\u0119dzie okre\u015blenie skutk\u00f3w finansowych dla bud\u017cetu pa\u0144stwa, w zwi\u0105zku z wej\u015bciem w \u017cycie projektowanej ustawy. W\u0105tpliwo\u015bci rz\u0105du nadal budzi\u0142 zapis art. 8 projektu ustawy, gdy\u017c przepis ten \u2013 zdaniem Rz\u0105du \u2013 nie okre\u015bla\u0142 zakresu nast\u0119pstwa prawnego fundacji w stosunku do fundacji powo\u0142anej na mocy ustawy sejmowej z 1925 r. W tej sytuacji Rz\u0105d proponowa\u0142 zawieszenie przepis\u00f3w chroni\u0105cych prawa tych podmiot\u00f3w zadaniem kt\u00f3rych jest uznanie by\u0142ej FZK.<\/p>\n<p>Z tymi uchwa\u0142ami Rz\u0105d uzna\u0142, \u017ce projekt poselski ustawy powinien by\u0107 przedmiotem dalszych prac legislacyjnych w toku kt\u00f3rych nale\u017ca\u0142oby dokona\u0107 stosownych uzupe\u0142nie\u0144 i usun\u0105\u0107 przedstawione w stanowisku Rz\u0105du w\u0105tpliwo\u015bci. Rz\u0105d zastrzeg\u0142 sformu\u0142owanie ostatecznego stanowiska po zapoznaniu si\u0119 z wykazem sk\u0142adnik\u00f3w maj\u0105tkowych projektowanej Fundacji, w zwi\u0105zku z tym Rz\u0105d w trakcie prac sejmowych nad projektem ustawy zg\u0142osi\u0142 szereg nowych poprawek. Marsza\u0142ek Sejmu \u2013 Maciej P\u0142a\u017cy\u0144ski zwr\u00f3ci\u0142 si\u0119 do Premiera z pro\u015bb\u0105 aby Rada Ministr\u00f3w ponownie zaj\u0119\u0142a stanowisko wobec poselskiego projektu ustawy. Rada Ministr\u00f3w w swym stanowisku podzieli\u0142a pogl\u0105d wyra\u017cony przez Prezydium Komisji Nauki, Edukacji i M\u0142odzie\u017cy oraz Komisji Skarbu Pa\u0144stwa, uw\u0142aszczenia i prywatyzacji. Rz\u0105d uzna\u0142, \u017ce projektowana ustawa ma charakter szczeg\u00f3lny, a zawarte w niej ustalenia s\u0105 kontrowersyjne. Jednak\u017ce ze wzgl\u0119du na zaistnienie nowych okoliczno\u015bci (nowej interpretacji art. 23 Ustawy o finansach publicznych z dnia 26 XI 1998 r.) FZK mo\u017ce by\u0107 powo\u0142ana w drodze odr\u0119bnej ustawy, stanowi\u0105cej regulacj\u0119 szczeg\u00f3ln\u0105 w stosunku do trybu tworzenia fundacji okre\u015blonej w ustawie z 6 kwietnia 1984 r. o fundacjach. Rz\u0105d jednocze\u015bnie podnosi\u0142, \u017ce takie rozwi\u0105zanie b\u0119dzie stanowi\u0142o wy\u0142om w zasadzie przyj\u0119tej przez Sejm RP, bowiem statutowe cele FZK zgodnie z art. 6 projektu ustawy b\u0119d\u0105 realizowane przy wykorzystywaniu mienia Skarbu Pa\u0144stwa, a w kt\u00f3re FZK b\u0119dzie nieodp\u0142atnie wyposa\u017cona. Z tego te\u017c powodu w przekazanym Sejmowi RP stanowisku Rz\u0105du podkre\u015blono, \u017ce w trakcie dalszych prac legislacyjnych nad projektem niezb\u0119dne jest okre\u015blenie skutk\u00f3w finansowych do bud\u017cetu pa\u0144stwa zwi\u0105zanych z wej\u015bciem w \u017cycie projektowanej ustawy. Ponadto \u2013 zdaniem Rz\u0105du \u2013 nale\u017ca\u0142o dokona\u0107 szczeg\u00f3\u0142owego okre\u015blenia sk\u0142adnik\u00f3w maj\u0105tkowych w kt\u00f3re by\u0142aby wyposa\u017cona przysz\u0142a Fundacja wraz z okre\u015bleniem aktualnego stanu prawnego i wyceny maj\u0105tku. Uznano tak\u017ce za niezb\u0119dne dokonanie zmiany art. 6 projektu ustawy w ten spos\u00f3b, aby po wykre\u015bleniu z ust. 1 punkt 2 uzupe\u0142ni\u0107 ustaw\u0119 nowym wst\u0119pem, w my\u015bl kt\u00f3rego za\u0142\u0105cznik do ustawy okre\u015bli\u0107 mia\u0142 szczeg\u00f3\u0142owe sk\u0142adniki maj\u0105tkowe przekazane przysz\u0142ej Fundacji. Zdaniem Rz\u0105du to okre\u015blenie sk\u0142adnik\u00f3w maj\u0105tkowych zapobiegnie ewentualnemu zbyciu poszczeg\u00f3lnych sk\u0142adnik\u00f3w maj\u0105tkowych Fundacji. Zdecydowano tak\u017ce, \u017ce przekazany maj\u0105tek nie powinien obejmowa\u0107 las\u00f3w i innych nieruchomo\u015bci zarz\u0105dzonych przez Lasy Pa\u0144stwowe oraz parki narodowe, a tak\u017ce nieruchomo\u015bci oddane w u\u017cytkowanie wieczyste PAN lub plac\u00f3wek naukowych PAN. Ponadto Rada Ministr\u00f3w podtrzyma\u0142a stanowisko, \u017ce poselski projekt ustawy powinien by\u0107 przedmiotem dalszych prac legislacyjnych, w toku kt\u00f3rych nale\u017cy dokona\u0107 stosownych uzupe\u0142nie\u0144 i usun\u0105\u0107 istniej\u0105ce w\u0105tpliwo\u015bci.<\/p>\n<p>Komisja Skarbu Pa\u0144stwa, Uw\u0142aszczenia i Prywatyzacji oraz Edukacji, Nauki i M\u0142odzie\u017cy pracowa\u0142y nad projektem do 24 sierpnia 2001 r., w\u00f3wczas to Sejm uchwali\u0142 Ustaw\u0119 o FZK, to samo w dniu 18 wrze\u015bnia 2001 r. uczyni\u0142 Senat, a Prezydent RP w dniu 11 pa\u017adziernika 2001 r. podpisa\u0142 ustaw\u0119, kt\u00f3ra zacz\u0119\u0142a obowi\u0105zywa\u0107 po up\u0142ywie 3 miesi\u0119cy od dnia og\u0142oszenia. Wydarzenia te poprzedzi\u0142 apel wystosowany do Prezydenta RP Aleksandra Kwa\u015bniewskiego przez \u00f3wczesnego Przewodnicz\u0105cego Rady Miejskiej w K\u00f3rniku \u2013 Seweryna Walig\u00f3r\u0119 i Burmistrza Miasta i Gminy K\u00f3rnik \u2013 Zbigniewa Kalisza w kt\u00f3rym m.in. czytamy: \u201eW imieniu w\u0142adz samorz\u0105dowych Miasta i Gminy K\u00f3rnik zwracamy si\u0119 z usiln\u0105 pro\u015bb\u0105 i apelem do Pana Prezydenta o podpisanie i tym samym umo\u017cliwienie wej\u015bcia w \u017cycie ustawy o restytuowaniu Fundacji Zak\u0142ady K\u00f3rnickie. Restytuowa\u0107 t\u0119 Fundacj\u0119 postanowi\u0142 Ustaw\u0105 Sejmow\u0105 Sejm ostatniej kadencji [\u2026]. Wyra\u017camy g\u0142\u0119bokie prze\u015bwiadczenie, \u017ce Pan Prezydent zechce wys\u0142ucha\u0107 apelu, kt\u00f3ry wystosowujemy w imieniu mieszka\u0144c\u00f3w i w\u0142adz samorz\u0105dowych Ziemi K\u00f3rnickiej, i podpisze ustaw\u0119 uchwalona przez Sejm\u201d.<\/p>\n<p>Fundacja zawiaduje obecnie w Wielkopolsce gruntami rolnymi o powierzchni 4.159,00 ha zabudowanymi i niezabudowanymi. Organami Fundacji jest 10 \u2013 osobowa Rada Kurator\u00f3w i 5 \u2013 osobowy Zarz\u0105d.<\/p>\n<\/div><\/div><\/div><\/div><\/div><\/div><\/div><\/div>","protected":false},"excerpt":{"rendered":"","protected":false},"author":1,"featured_media":0,"parent":0,"menu_order":0,"comment_status":"closed","ping_status":"closed","template":"","meta":{"footnotes":""},"class_list":["post-326","page","type-page","status-publish"],"_links":{"self":[{"href":"https:\/\/www.fzk.com.pl\/fzk\/wp-json\/wp\/v2\/pages\/326","targetHints":{"allow":["GET"]}}],"collection":[{"href":"https:\/\/www.fzk.com.pl\/fzk\/wp-json\/wp\/v2\/pages"}],"about":[{"href":"https:\/\/www.fzk.com.pl\/fzk\/wp-json\/wp\/v2\/types\/page"}],"author":[{"embeddable":true,"href":"https:\/\/www.fzk.com.pl\/fzk\/wp-json\/wp\/v2\/users\/1"}],"replies":[{"embeddable":true,"href":"https:\/\/www.fzk.com.pl\/fzk\/wp-json\/wp\/v2\/comments?post=326"}],"version-history":[{"count":9,"href":"https:\/\/www.fzk.com.pl\/fzk\/wp-json\/wp\/v2\/pages\/326\/revisions"}],"predecessor-version":[{"id":1213,"href":"https:\/\/www.fzk.com.pl\/fzk\/wp-json\/wp\/v2\/pages\/326\/revisions\/1213"}],"wp:attachment":[{"href":"https:\/\/www.fzk.com.pl\/fzk\/wp-json\/wp\/v2\/media?parent=326"}],"curies":[{"name":"wp","href":"https:\/\/api.w.org\/{rel}","templated":true}]}}